 is the units digit of h?
2
Let r = -190 - -338. What is the units digit of r?
8
Let p = -8 - -12. Suppose 9*f - 85 = p*f. What is the tens digit of f?
1
Suppose 0 = 3*f + 8 - 89. What is the tens digit of f?
2
Suppose 0 = 2*m + 2*m + 5*k - 41, 3*m - 27 = -3*k. Let h(z) = z**2 - 5*z - 4. Let q be h(5). Let l = m - q. What is the units digit of l?
8
What is the tens digit of (-1)/(-5) + (-2198)/(-35)?
6
Suppose 0 = 2*j + j + 3, -4*d - 5*j - 5 = 0. Suppose d = -5*g + 10. Suppose -g*w = 2 - 4. What is the units digit of w?
1
Let y(q) = -q**2 - 7*q - 4. Let s be y(-6). Suppose -3*j - 4*p - 19 - 7 = 0, -s*p = -3*j - 14. Let v = j - -17. What is the tens digit of v?
1
Let c be 1*1*(-1 + -5). Let w = c - -7. What is the units digit of w?
1
Let w(v) = 6*v - 9. What is the tens digit of w(7)?
3
Suppose -5*x + 300 = 5*g, 21 = -5*x - 2*g + 312. What is the tens digit of x?
5
Let q(o) = -5*o - 5*o**2 + o**3 - 3*o - 1 + 5*o + 9*o**2. What is the units digit of q(-4)?
1
Let h(g) = -g + 7. What is the tens digit of h(-3)?
1
Let n(d) = -2*d**3 - 6*d**2 - d + 5. What is the units digit of n(-4)?
1
Let o(n) = 5*n + 12. What is the tens digit of o(10)?
6
Let q = 43 + 0. What is the tens digit of q?
4
Let l(s) = s**2 - 2*s. Let q be l(2). Suppose q = 5*a - 32 - 18. What is the units digit of a?
0
Suppose n - 2*n + 2 = 0. Suppose 14 = n*u - 0*u. Let o = -4 + u. What is the units digit of o?
3
Let o(z) = 15*z**2 - 8*z + 1. What is the hundreds digit of o(3)?
1
Suppose 2*s - 19 = 3. What is the tens digit of s?
1
Let b = -7 - -7. Suppose -5*x + 0*q + 68 = 4*q, b = -x - 4*q + 4. What is the tens digit of x?
1
Let a(o) = -9*o + 6. Let n be a(-6). Suppose -5*z + n + 0 = 0. What is the units digit of z?
2
Let o(m) be the third derivative of m**5/60 - m**4/6 - 4*m**3/3 - 2*m**2. Let c be o(6). Suppose -4*d + d = 2*r, c*d = -5*r + 14. What is the units digit of r?
6
Let n(p) be the second derivative of p**6/180 + p**5/120 - p**4/12 + p**3/3 + 2*p. Let a(g) be the second derivative of n(g). What is the units digit of a(2)?
8
Let t be (-8)/(-6)*(-6)/(-2). Suppose -4*y + 57 = t*r - 3*y, -2*y = -2. Suppose 2*p - r = -0. What is the units digit of p?
7
What is the tens digit of 1 + 57 - (-12 + 9)?
6
Let w be ((-1)/(0 + 1))/1. Let x be (1 + 18/(-3))/w. Suppose -5*i + 0*c - 4*c + 72 = 0, -4*i + x*c + 33 = 0. What is the tens digit of i?
1
Let z(g) = -g**2 + 9*g + 2. Let p be z(9). What is the tens digit of 90/1*1/p?
4
Let t(f) = f**3 + 7*f**2 + 7*f + 8. Let d be t(-6). Suppose d*r + 12 = 2*h, 0 = -0*r + 3*r - 6. What is the units digit of h?
8
Let q be (-3)/(-12) + (-29)/4. Let a(v) = -5*v - 8. What is the tens digit of a(q)?
2
Suppose -16*r - 15 = -21*r. Let y(w) be the third derivative of w**5/60 - w**4/12 + w**3/3 + 2*w**2. What is the units digit of y(r)?
5
Let x(q) be the third derivative of -q**6/120 - q**5/12 + q**4/4 + q**3/6 - q**2. Let n be x(-6). Let i = 2 - n. What is the units digit of i?
1
Let t(b) = 3*b**3 - 41*b**2 + 35*b - 9. Let d(s) = -s**3 + 14*s**2 - 12*s + 3. Let x(m) = -17*d(m) - 6*t(m). What is the tens digit of x(7)?
1
Let p = 58 - 103. Let h be (p/18)/((-2)/12). Suppose 2*z = -z + h. What is the units digit of z?
5
Suppose 5*h = -66 + 246. What is the tens digit of h?
3
Let v(n) = 2*n + 4. Let o be v(6). Let u = o + -6. What is the tens digit of u?
1
Let r(g) = g**3 + 3*g**2 - g. What is the units digit of r(-3)?
3
Let s(i) = -i + 6. Let u be (-1 - 0)/(2/(-4)). Suppose 2*y + u*y - 16 = 0. What is the units digit of s(y)?
2
Suppose -3*t = 5*u - u - 315, -t = u - 79. What is the units digit of u?
8
Let p(w) = 13*w + 24. What is the tens digit of p(10)?
5
Let c be (-12)/(0 - (-3)/2). Let q = -5 - c. Suppose q*t - 5 = -2*t. What is the units digit of t?
1
Suppose 2*s - 2 = 0, a - 249 = -3*a - 5*s. What is the tens digit of a?
6
Let v(r) = r - 8*r**2 - r**3 - 8*r - r. What is the units digit of v(-7)?
7
Suppose 805 = -5*j + 10*j. What is the tens digit of j?
6
Suppose 0 = 4*t + 4*v - 304, -3*v + 240 = 5*t - 130. Suppose -y - 24 + t = 3*l, -2*y + 86 = 4*l. What is the units digit of y?
5
Let c(z) = 2*z + 2. Suppose 0 = 4*p - 26 - 2. What is the units digit of c(p)?
6
Let w be (14/6)/(2/90). Suppose -17 = 4*m - w. What is the units digit of m/6 + 3/9?
4
Let x(c) = -c - 2. Let i be x(-6). Suppose -4*t = i*n - 41 - 47, -t = 3*n - 56. What is the tens digit of n?
1
Let s = 26 - 46. What is the units digit of (-432)/(-45)*s/(-6)?
2
Let y be 1/(-3)*(4 - 16). Let f(x) = x**3 + 8*x**2 + 8*x + 7. Let c be f(-7). Let i = c + y. What is the units digit of i?
4
Let x(y) = -y**3 + 10*y**2 + 16*y + 4. What is the units digit of x(11)?
9
Let r = -109 + 159. What is the units digit of r?
0
Suppose -3*w = 2*g + 2*w - 58, 4*g = -5*w + 116. Suppose -5*c = -2*z + g, -4*z - 17 = -3*c + 8*c. What is the units digit of z?
2
Suppose 3*l - 5*l + 16 = 0. Let z = -1 + l. What is the units digit of z/1 + -1 - -2?
8
Let f = -14 + 7. Let j = -4 + 12. Let x = j + f. What is the units digit of x?
1
Suppose 4*z = -0 + 8. Let o = 28 - z. What is the tens digit of o?
2
What is the tens digit of (-14520)/(-50) + -11 + 6/10?
8
Let u(c) = c**2 - 14*c + 9. Let g be u(15). Let l = -18 + g. What is the units digit of l?
6
Suppose -3 + 1 = -2*v. Suppose -2*c = -3 + v. What is the units digit of c + 7 + (1 - 1)?
8
Let a(o) = o**3 - 8*o**2 + 6*o + 7. Let n be a(7). What is the units digit of 19 + -1 - (0 - n)?
8
Suppose -d - 1 = -z, -4 - 7 = z - 4*d. Let l be 490/25 + 2/z. What is the units digit of l/6*6/4?
5
Let f = -1 + 4. Let d(h) = 5 - f - 9*h - 1. What is the tens digit of d(-1)?
1
Suppose 0*x - 20 = 4*x. Let a(g) = g**2 + 3*g - 6. Let q be a(x). Suppose 29 + 15 = q*o. What is the tens digit of o?
1
What is the units digit of (2/(-4))/(2 + 100/(-48))?
6
Let b(o) = -6*o**2 + 1. Let c be b(-1). Let d(l) = l**2 + 9*l - 10. Let k(r) = r - 1. Let x(h) = d(h) - 6*k(h). What is the units digit of x(c)?
6
What is the tens digit of 50/(-40)*(-67 + (1 - 2))?
8
Let w(v) = 2*v**2 - 2*v - 3. Let i be w(3). Let r be (-876)/(-52) + 2/13. Let g = r - i. What is the units digit of g?
8
Let f(v) be the third derivative of v**5/60 - v**4/12 + v**3/6 + 2*v**2. What is the units digit of f(5)?
6
Let h(u) be the second derivative of u**5/20 + u**4/2 - 5*u**3/3 + 3*u**2/2 + 8*u. What is the tens digit of h(-7)?
2
Suppose -6*w = -w - 320. What is the tens digit of w?
6
Let b(d) = d**2 + 8*d + 9. What is the tens digit of b(-13)?
7
Suppose -1014 = -6*r - 30. What is the tens digit of r?
6
Suppose 0 = 3*k - j, 0 = -3*k - 0*k + 2*j. Suppose -5 = 5*r - k*r. What is the units digit of -1*(2 - (-3)/r)?
1
What is the units digit of (-3)/6 + 225/6?
7
Let r(m) = m + 0*m**2 - m**3 + 0*m**2 + 7 - 5*m**2. Let c = 6 - 11. What is the units digit of r(c)?
2
Suppose 3*v + 16 = 3*g - 2*v, -4 = 2*v. Suppose -4*o + 26 = -g*o. What is the tens digit of o?
1
Let m = 13 - 8. Suppose m*l - 2*s - 60 = 3*s, -3*s = 2*l - 49. What is the tens digit of l?
1
Let t = 175 - 24. What is the tens digit of t?
5
Suppose 0 = 2*z + 4*j - 28, 0 = -7*z + 3*z + j + 74. Let i = z + -8. What is the tens digit of i?
1
Let b(z) = -4*z**3 - 2*z**2 + 1. Let a be b(-1). What is the units digit of 39/(-18)*-2*a?
3
Suppose 3*x + 2*a - 6*a - 204 = 0, -3*a - 63 = -x. What is the tens digit of x?
7
Suppose -4*k = x + 17, -4*x - 5*k = 1 + 56. Let f be (-20)/3 - 8/24. Let v = f - x. What is the units digit of v?
6
Let j(v) = -2*v**2 - v - 1. Let m be j(-2). Let w = m + 8. Let u = 17 + w. What is the tens digit of u?
1
Let u(v) = -301*v - 1. Let z be u(-1). Suppose 2*s - z = -s. Suppose -2*q + s = 5*g, 3*g - 3*q + 4 = 64. What is the tens digit of g?
2
Let y(a) be the second derivative of -a**4/12 + 3*a**3/2 - 4*a**2 + 2*a. What is the units digit of y(7)?
6
Let n(c) be the first derivative of 5*c**4/4 - 2*c**3/3 + c**2 - c + 1. Suppose -v + 7 = 4*v - 2*j, 1 = 5*v + 4*j. What is the units digit of n(v)?
4
Suppose 0*r + 2*r + 8 = -3*c, -2*r - c = 0. What is the units digit of r?
2
Let j(z) = z**3 - 1. Let b(t) = 6*t**3 - 11*t**2 + 9*t + 1. Let y(n) = -b(n) + 5*j(n). Let k be y(10). What is the tens digit of k/(((-12)/10)/(-3))?
1
Let a(v) = 9*v**2 + 3*v - 6. What is the units digit of a(-4)?
6
Suppose -i - 3*l = -14, i - 2*i + 3*l = 4. Suppose 4*u - i*m = 120, 5*u - 2*